 1/1 + (7 - 43 - -7). Let j be (-1112)/b - (-4)/14*1. Suppose j = m + 9. Is m a prime number?
True
Suppose 3*m - 223836 + 40055 = -4*r, 45952 = r + 3*m. Is r prime?
True
Suppose 6*j - 4*j = -3*p + 7001, 2*j = 4*p - 9330. Is p a prime number?
True
Let d = 3322707 - 1242370. Is d a prime number?
False
Suppose 5*m = -3*a + 119761, 0 = -5*a - 2*m + 78945 + 120644. Is a a composite number?
True
Let t(o) = 72720*o**2 - 108*o - 7. Is t(2) composite?
False
Let t(s) = 1114*s**2 - 757*s - 21. Is t(-10) prime?
False
Is 46/8*(0 - (-48)/36)*143571 a composite number?
True
Let j = 55 + -46. Suppose 14 = -j*s + 2*s. Is 1 + 0 + 2 - (-406 + s) a prime number?
False
Is ((-5)/15)/(((-39)/(-351423))/(-13)) composite?
False
Suppose 0 = 5*k - 2*n - 1001619, 0 = -2*n + 477 - 481. Is k composite?
False
Let a(s) = 914476*s**3 - s**2 - 39*s + 41. Is a(1) prime?
True
Let t(q) = -1398*q + 2005. Is t(-43) a prime number?
True
Suppose 9*g = 5*i - 357122, -5*i + 5*g - 8*g + 357086 = 0. Is i composite?
False
Let n(w) = 14*w + 7*w + 2*w - 17 + 3*w. Is n(8) composite?
False
Let n(k) = 11 + 829*k - 841*k + 14*k**2 + 26 + 19. Is n(-17) composite?
True
Is 3/(57/357542) + 7/(-1) a prime number?
False
Let x(o) be the first derivative of -o**3/3 + 20*o**2 + 13*o - 13. Let n be x(23). Suppose -3*l + 4*w + 802 = -l, -l + 3*w = -n. Is l a composite number?
True
Let t = -24167 + 58164. Is t a composite number?
False
Suppose 2*c - 22134 = -4*y, 28*y - 32*y = 4*c - 44276. Suppose -20579 - c = -30*h. Is h a prime number?
False
Is 10 - (-17 + 13) - -174359 prime?
False
Is ((-978888)/(-20))/(0 + 8/20) composite?
True
Let p(n) = 558*n + 1019. Is p(5) a prime number?
False
Let t(m) = 55*m - 294. Let i be t(73). Suppose 3*l = u + 4*u - 6017, 0 = -2*l - u - 4007. Let x = l + i. Is x composite?
True
Let m(t) = -t**2 - 5*t + 2. Let v be m(-5). Suppose i = 3*g - 3, -g + 3*i = v + 5. Suppose g*z - 224 - 102 = 0. Is z prime?
True
Let l(g) = 8*g - 31 + 10*g**2 - 31*g + 5*g + 4*g. Let i(b) = -2*b + 2. Let r be i(4). Is l(r) a prime number?
False
Let h(v) = -10*v**2 + 28*v + 5. Let b be h(-24). Let t = b + 12845. Is t composite?
True
Let a(w) be the third derivative of 19*w**4/12 + 7*w**3/2 + 14*w**2. Is a(5) composite?
False
Let k(v) = 19*v**3 - 113*v**2 - 29*v - 6. Let t(h) = -7*h**3 + 38*h**2 + 10*h + 2. Let n(u) = -4*k(u) - 11*t(u). Is n(-29) prime?
False
Suppose -11*t + 2*m - 156407 = -12*t, 2*t - 2*m = 312850. Is t composite?
False
Let s = 24178 + 21303. Is s a composite number?
False
Suppose -17*v = -5*v - 651024. Suppose 5*j - v = -j. Let p = j - 5099. Is p prime?
True
Suppose -3*k + 5*u - 24 = -4*k, -k = 2*u - 18. Suppose -18*q + 1740 = -3066. Suppose k*r = 17*r - q. Is r a prime number?
True
Let y(a) = 2*a**3 - 27*a**2 - 4*a + 41. Let d be y(19). Suppose 6*m = 3*m - 5199. Let s = m + d. Is s composite?
False
Suppose 3*d + 165*r - 169*r - 783225 = 0, 5*d + 5*r - 1305340 = 0. Is d a prime number?
True
Suppose 0 = 5*i - 102 - 108. Let d(p) = -14 + 10 + i + 4*p**2 + 8*p + 17*p. Is d(-23) a composite number?
False
Is (9/5)/(-22 - (-494037)/22455) composite?
True
Is 6 + (35954 - (-18 + 15)) prime?
True
Let f(v) be the third derivative of -4*v**2 + 1/30*v**5 + 7/8*v**4 + 1/120*v**6 + 0*v + 0 + 1/6*v**3. Is f(9) a prime number?
False
Let l(d) = -77*d + 1. Let w be l(-3). Suppose 74 = 15*o - 16*o - 4*u, 5*u + 208 = -3*o. Let b = w - o. Is b prime?
False
Let k be 60738/(-27)*-3*6 - 3. Suppose -z - 5*c + 20248 = -8*c, -c + k = 2*z. Is z prime?
False
Let f be 15982 - 7 - (3 + -6). Let k = -10377 + f. Is k a prime number?
False
Let n(i) = i**3 - 34*i**2 + 138*i - 14. Is n(55) prime?
False
Is (8 - 26/3) + (-3428853)/18*-2 a composite number?
False
Let u(c) = 781*c**2 - 125*c - 57. Is u(13) a composite number?
False
Let x(n) = -756*n - 4. Let a be ((270/(-12))/(-15))/(1/(-2)). Let y(f) = 1513*f + 8. Let b(j) = a*y(j) - 7*x(j). Is b(1) a composite number?
False
Suppose -4*n + 18 = 3*c + 1, 4*c = 4*n + 4. Suppose 998 = 2*j + 3*a, n*j + 2*j + 3*a - 2008 = 0. Is j a prime number?
False
Let l(g) = 24236*g**3 - 3*g**2 - 3*g - 2. Let p be l(-1). Let q = 40197 + p. Is q a prime number?
True
Let n(x) = 3*x**2 - 2*x - 10. Let i be n(5). Suppose 61 - i = 3*z. Is 44791/94*z/3*3 a prime number?
True
Suppose -5*l + 131*w - 132*w = -141741, -4*w = 2*l - 56682. Is l composite?
False
Let q(b) = 8*b + 93. Let a be q(-10). Suppose -2074 = a*p - 22133. Is p prime?
True
Suppose -13*s = -117 - 143. Is (3/6)/(s/471080) a prime number?
True
Let z(y) = y**3 + 15*y**2 - 19*y - 22. Let k be z(-15). Let g = k + 204. Is g composite?
False
Suppose u - 5 = -r, -10 = -3*r + 3*u - u. Suppose -l = -v + r*v + 404, -v - 2*l - 138 = 0. Is (v/(-7))/1 - (-6)/(-42) composite?
False
Let k(t) = t**2 - t + 3. Let f = -8 + 8. Let m be k(f). Suppose -2*c + 2*y = -7972, 3*c + 2858 - 14834 = -m*y. Is c composite?
False
Suppose -21784208 = -100*m + 12599585 + 26048107. Is m composite?
False
Is 135036 + 6/(-3) - 5 a composite number?
False
Is (-98597)/2*1*(0 - (-4 + 6)) prime?
True
Let k be 8582/3 + 2/(-3). Let s = k - 1991. Is s prime?
False
Suppose 196*n = 378*n - 11274718. Is n a prime number?
True
Suppose 3*c + 6 = 0, 21*d + c = 19*d + 174. Suppose -92*y + 78268 = -d*y. Is y a composite number?
True
Suppose 8*a = 9*a - 364. Suppose 4*o - a - 1772 = 3*c, -2*c + 545 = o. Is o composite?
True
Suppose 0 = 110*y - 151*y + 888142. Is y prime?
False
Let w be (1 - 3)*(-40)/16. Suppose -w = -2*r + 3. Suppose 8*b - 4348 = r*b. Is b prime?
True
Suppose -4*q + 2*q + 2 = 0, -2*z + 51 = -5*q. Suppose -8*f - z = -s - 3*f, -5 = f. Is 2332/16 - s/4 composite?
True
Suppose 187034 = 6*y - 4*c, 5*y + 2*c = 127564 + 28335. Is y a prime number?
True
Let k be (16/(-3))/((-5)/(-15)). Let h(d) = d**3 + 11*d**2 - d - 6. Let y be h(k). Is 1/((8/y)/(-4)) prime?
False
Suppose -2*w + 4*w + 4*h - 84 = 0, 0 = -2*h. Suppose 9 = 45*v - w*v. Is ((-6524)/6)/((-55)/15 + v) a prime number?
False
Let w(z) = z**3 + z**2 + 3*z - 360. Let p be w(0). Let f = -158 - p. Is f composite?
True
Let r(n) = 13*n - 6 - 12*n - 11. Let w be r(16). Is w/2*(-1424)/8 a prime number?
True
Suppose -9996 = -2*j - 3122. Suppose -5*y = 5*p - 6*y - 4320, -4*p - 3*y = -j. Is p a prime number?
True
Let w(y) = -31619*y + 2678. Is w(-21) a prime number?
False
Suppose 0 = -174*v + 79*v + 286235. Let w = 5 + 13. Suppose -17*b + w*b = v. Is b a composite number?
True
Let s be -1 - -1 - (51 + -53). Suppose -14 + 2 = 4*q, -2*q = -s*w + 47944. Is w a composite number?
True
Suppose 4*h - 1 = 11. Suppose 0 = -h*g + 12, 324 = i + 3*g - 1611. Suppose 3*u - x = 1417, 3*u = 5*x + i - 514. Is u a composite number?
True
Is (-4)/(-6)*(-39005424)/(-96) a composite number?
True
Let k(z) = -2042*z - 1373. Is k(-8) prime?
False
Let s be -3527*(-8 - -8 - 1). Let l = s - -3722. Is l prime?
False
Let z(q) = 212*q - 7. Suppose -2*j = -6*j + 28. Suppose -j*s = -5*s - 6. Is z(s) composite?
True
Is 4*(-1 - -3)/12*615045/10 composite?
True
Let j(h) = 3166*h**2 - 2*h - 25. Is j(-7) a prime number?
False
Suppose -465*x + q = -470*x + 1025005, 2*q - 205001 = -x. Is x composite?
True
Let f(q) be the first derivative of -q**2/2 - q - 1. Let z be f(-5). Suppose -z*m + r + 1009 = -311, -4*m + 2*r = -1316. Is m a composite number?
False
Is 18 - -1*(-56055)/(-1) a composite number?
True
Suppose -4*o = 0, 2 = -u - 2*o - 17. Let y = u - -39. Suppose -y = 4*w, 554 = 5*c + 5*w + 184. Is c prime?
True
Let i(m) be the second derivative of 4*m**3/3 - 59*m**2/2 - 33*m. Let g be i(7). Let d(j) = -8*j**3 - 4*j**2 - 4*j - 1. Is d(g) a prime number?
True
Is (((-2)/(-10))/(2/5))/((-93)/(-55100082)) a prime number?
True
Suppose -2*g - 163 = -5*j, -4*g - 232 = -g - 5*j. Let y = g - -141. Suppose y*i - 759 = 69*i. Is i a prime number?
False
Let v = 305 + -292. Suppose w + v*y - 826 = 12*y, 0 = 4*w - 2*y - 3274. Is w composite?
False
Let m(t) be the first derivative of t**4/4 + 14*t**3/3 - 8*t**2 - 9*t + 27. Let h be m(-15). Suppose -4*j - 1426 = -h*j. Is j prime?
False
Suppose 266*p + 1009446 - 168956 = 276*p. Is p a prime number?
False
Let w = -237893 + 370479. Is w a composite number?
True
Let k = 20808 + -12315. Let s = -4305 + k. Suppose 54 - s = -6*v. Is v prime?
False
Let g(s) = -s + 29. Let w be g(24). Suppose w*r = -4*f + f + 32705, -r - 4*f = -6541. Is r 